 g(j)?
7
Let l be (-4)/(-18) + 266/(-63). Suppose -s + 247 = -31. Let u(t) = 2*t + 281 - 3*t - s - t. Give u(l).
11
Let d = -26 - -43. Suppose d = k + 23. Let g(c) = -c**2 - 4*c + 14. Let b be g(k). Let s(y) = -2*y**2 - 2*y + 1. Determine s(b).
-11
Suppose -2*h = -5*i - 35, -3*h + 19 = -3*i - 11. Let f(k) = -21 - 21 - 3*k + 43. Calculate f(i).
16
Suppose -201*j = -77*j. Let z(g) = -2*g**3 - 3*g - 34. Give z(j).
-34
Let z(s) = 1 - 4 + 0*s**3 - 2*s + 1 + 3 + 2*s**2 + 2*s**3. Determine z(1).
3
Suppose -203*x = -147*x + 448. Let c(w) = w - 4*w - 9 - w. Give c(x).
23
Let o(r) = 4*r - 14. Let t be (258/54 + -7)*18/(-4). Determine o(t).
26
Let p(i) be the second derivative of -2*i**3 - 69*i**2 + 50*i + 14. Calculate p(-13).
18
Suppose 4*l - 32 = 5*i, -3*l - 2 = -l + 2*i. Let a be (-6)/162*-9*(1 + 38). Let q(c) = 0*c**3 - 11*c + c**l - a*c + 20*c - 2 + c**2. Give q(-3).
-8
Let k(u) be the second derivative of u**6/360 + u**3/2 + 7*u**2 + 5*u - 1. Let d(l) be the second derivative of k(l). Let m be ((1 - 1) + 0)/2. What is d(m)?
0
Let j(l) = l**2 + l - 18. Let y(p) = p**2 - 26*p - 27. Let k be y(20). Let z = 147 + k. Calculate j(z).
-18
Let b(d) = -419*d - 419*d - 417*d - d**3 + 15*d**2 + 32 + 1238*d. Determine b(14).
-10
Let r(f) = f**2 + 8*f - 1. Suppose 5*s + 44 = y, 80*s = 2*y + 84*s + 24. Determine r(y).
47
Let i be ((-6)/(-7))/((-72)/(-3528)). Let c(q) = -q - i + 56 - 11. What is c(-3)?
6
Let a(z) be the second derivative of -z**8/6720 + z**7/1260 - z**6/360 - z**5/40 + 19*z**4/4 - 129*z + 2. Let p(g) be the third derivative of a(g). Give p(3).
-18
Let n(s) be the first derivative of s**4/4 - 3*s**3 - 8*s**2 + 192*s + 120. Calculate n(8).
0
Let n = 114 - 98. Suppose -t = 3*z + 2, -5*z + 3*z = -3*t + n. Let v be 3*(6/(-5))/(t/(-10)). Let d(o) = -o**3 + 8*o**2 + 10*o - 11. What is d(v)?
-2
Let l(r) = 144*r - 574. Let s be l(4). Let n(y) = -y**3 - y**2 - y. Calculate n(s).
-14
Let a(y) = 22*y + 13. Let j(q) = -4*q - 1. Let p(k) = 2*a(k) + 10*j(k). What is p(-11)?
-28
Let z(b) = 2*b**2 - 18*b + 43. Let m be z(5). Let g(j) = j**2 + 6. Let w(u) = 73 + u**2 - 4*u - 68 + 3*u. Let l(i) = -2*g(i) + 3*w(i). What is l(m)?
3
Let m(y) = y**2 - 11*y - 12. Let z(a) = 4*a**2 - 28*a + 61. Let x(v) = v**2 - v. Let s(l) = -5*x(l) + z(l). Let c be s(-25). Determine m(c).
-12
Let j(z) = z**3 + 6*z**2 - 14*z - 49. Let d = -1039 + 1032. Calculate j(d).
0
Let j(x) = x**3 + 3*x**2 - 3*x - 2. Let h(u) = 2 - u**2 - 9 - 9*u - 2*u + u. Let n be h(-9). Suppose -n*v - 3*v - 10 = 0. Determine j(v).
8
Let u(q) = 4*q - 1. Let c(s) = s**2 + 7*s + 16. Let j be c(-3). Suppose 0 = -5*y - 5*t - 5 - 15, 5*y = t + j. Suppose y = -2*i + 3 - 5. Calculate u(i).
-5
Let b(v) = v**3 + 6*v**2 - 11*v - 8. Let c(p) = p**3 + 6*p**2 - 9*p - 6. Let j(f) = 4*b(f) - 3*c(f). Give j(-8).
-6
Suppose -23*a - 570 = -5*a + 20*a. Let b(u) = -u + 3 - 9 - 9. Give b(a).
0
Let i(w) be the third derivative of 0 + 1/360*w**6 + 0*w + 1/120*w**5 + 17/6*w**3 + 17*w**2 - 1/8*w**4. Let q(g) be the first derivative of i(g). What is q(0)?
-3
Suppose 18*q - i = 13*q - 72, -5*i - 90 = 5*q. Let s(z) = -z**3 - 12*z**2 + 48*z + 5. What is s(q)?
-40
Let v(t) = 31*t**2 - 2*t + 1. Let c be 2/4*(24/(-240))/((-6)/120). Determine v(c).
30
Let y(f) be the first derivative of -9*f**2/2 + 114*f - 3022. Determine y(12).
6
Let x(u) = u**2 - 6*u - 10. Let o be 1/(-2) - -7*6/12. Suppose -o*p + 57 - 30 = 0. Give x(p).
17
Let k(t) = 14*t + 4. Let o(w) be the third derivative of -w**4/8 + w**3/6 + 81*w**2. Let p(u) = k(u) + 5*o(u). What is p(-7)?
16
Let x(r) = 31*r**2 + 21*r + 72. Let a(n) = 37*n**2 + 20*n + 74. Let h(z) = 5*a(z) - 6*x(z). Calculate h(-24).
-14
Suppose 23 = -a + 13. Let s(t) be the first derivative of -t**3/3 - 9*t**2/2 - 4*t - 191. Give s(a).
-14
Suppose -w - w = -16. Let p(z) be the first derivative of 11*z**2/2 - 18*z + 73. Let j(b) = -9*b + 14. Let m(k) = 6*j(k) + 5*p(k). Determine m(w).
2
Let b(i) = i**2 - 6*i - 8. Let g(c) = 9*c**2 - 7*c + 5. Let j be g(1). Let a(f) = -f**2 + 5*f + 7. Let v(u) = j*a(u) + 6*b(u). Determine v(-2).
-1
Let h(w) = -2*w + 4. Let m(d) = -3*d + 8. Let l(v) = 10*h(v) - 6*m(v). Let b = 3160 - 3154. Give l(b).
-20
Let y(b) = -b + 11. Suppose 2*c = 5*c - 24. Suppose 0 = 3*u - c - 10. Give y(u).
5
Let z(n) = n**3 - 8*n**2 + 7*n + 1. Let m be (2/16)/((-99)/(-5544)). Determine z(m).
1
Let v = 264 + -262. Let r(w) = 7*w - w**3 - 2*w**2 + 15 - 2*w**v - 7*w**2 - 6*w. What is r(-11)?
4
Let b = 2609 + -2605. Let j(x) = 6*x - 29. Give j(b).
-5
Let q(h) = 5*h**3 + 49*h**2 - 15*h + 65. Let m(a) = -2*a**3 - 19*a**2 + 6*a - 26. Let l(r) = -13*m(r) - 5*q(r). What is l(-6)?
-113
Let d(m) = -m**2 - 16*m - 9. Let o(c) = -2*c**2 - 24*c - 16. Let g be o(-12). Give d(g).
-9
Let h(j) = -j**3 + 9*j**2 - 8*j - 5. Let d be (35/10)/(1/2). Give h(d).
37
Let f(q) be the third derivative of q**4/24 + 17*q**3/3 - 9*q**2 - 25*q. Calculate f(12).
46
Suppose 183*h - 182*h - 3 = 0. Let z(i) = 29*i**2 - 2 - 7*i - 28*i**2 - h - 7 + 3. Give z(7).
-9
Let l(s) = 17*s + 9. Let n be l(3). Suppose -5*p = p - n. Let j(c) = 4*c - 23*c + 6 + p*c + 8*c. Give j(8).
-2
Let m(g) = -4*g + 112. Let y be m(27). Let f(n) = -n**3 + n**2 + 8*n + 1. Let t be f(y). Let u(d) = d**3 + 15*d**2 + 5. Calculate u(t).
5
Suppose 9*w = w + 24. Let o(k) = k**3 - w*k - 77*k**2 + 47*k**2 + 35*k**2 + 6*k. What is o(-3)?
9
Suppose 44 = m + 5*y + 11, -2*m + 19*y = 79. Let t(g) be the second derivative of -g**4/12 + 4*g**3/3 - 6*g**2 + g. Calculate t(m).
-12
Let f(i) = -i**2 - 8*i - 13. Suppose 5*o + 450 = 1365. Let p = 176 - o. What is f(p)?
-6
Let u(g) = -101 + 6*g**2 + 103 + 678*g - g**3 - 668*g. Give u(8).
-46
Suppose -13 = -5*c + n, -c = 3*n - 5 - 4. Let v(b) = 10*b**3 - 3*b**2 + 3*b + 1. Let x be v(c). Let q(p) = 254*p**2 - 6 - x*p**2 + 5*p + p - 4*p. Give q(-5).
9
Let b(y) be the third derivative of y**5/60 + y**4/3 - 79*y**3/6 + 359*y**2. Give b(6).
5
Let x be (-18)/81 - 4*(-10)/18. Let h(d) = -x*d + 63 - 35 - 44. What is h(-14)?
12
Let n(o) = -3684*o + o**2 + 8 + 1852*o + 1842*o + 1. Suppose -5*s + i = 23 + 11, -2*s - 2*i = 16. What is n(s)?
-12
Let k(j) be the second derivative of j**4/12 - 7*j**3/3 + 28*j**2 - 32*j + 12. What is k(6)?
8
Let y(k) = 2*k - 69. Let i be y(26). Let l(o) = 37*o**2 + 29*o - 31. Let n(a) = -13*a**2 - 10*a + 11. Let m(d) = i*n(d) - 6*l(d). Calculate m(-3).
2
Let i(l) be the second derivative of l**3/6 + 7*l**2/2 + l - 242. Determine i(2).
9
Let x be 6/(-8) + (-33)/(-12). Let h(u) be the first derivative of -11 + 34*u - 39*u + u**x - 9. What is h(7)?
9
Let l(i) = 1528 - 1553 - 125*i + 123*i. Give l(-8).
-9
Let t(h) = -h**3 - 7*h**2 + 9*h + 4. Let m = -1 + 33. Suppose -166*f + 170*f + m = 0. What is t(f)?
-4
Let v(h) = 3*h + 11. Suppose -21*o + 200 = -21*o - 40*o. Calculate v(o).
-4
Suppose 138*u - 139*u = 18. Let h be (-36 - -12)*6/u. Let l(n) = n**2 - 7*n - 8. What is l(h)?
0
Let g(k) = -k**3 + 7*k**2 - k - 3. Let s be (-106)/(-4) + (-16)/32. Suppose -s*z + 133 = -7*z. What is g(z)?
-10
Let h(o) = o - 7. Let i be (-24)/100 + 28836/2025. What is h(i)?
7
Suppose -3*f + 217 = -q, -4*q = -1 - 19. Let x = 1 + -1. Suppose -f*l + 77*l - 6 = x. Let k(i) = -3*i**2 - 3*i + 2. What is k(l)?
-16
Suppose 12*w - 13*w + 2*h + 11 = 0, -12*w - 4*h = 36. Let d(l) = -119*l + 4. What is d(w)?
123
Let x(g) be the second derivative of -g**5/60 - 11*g**4/24 - 5*g**3/6 + 3*g**2 + 39*g. Let u(t) be the first derivative of x(t). Determine u(-9).
13
Let n(a) = -a**3 - 4*a**2 - 5*a + 1. Suppose f - 5*j - 2 = -f, 6 = -3*f + 3*j. Give n(f).
21
Let f(z) = -345 + 104 + 29*z - 160. Give f(14).
5
Suppose 318*f - 18 - 300 = 0. Let n = 9 + -4. Let t(v) = -3 - n*v**2 + 1 + 2 + 2*v - 1. Determine t(f).
-4
Let w be (2/(-5))/(2/(-10)). Let o(j) = 4*j**2 - 16*j - 16. Let u be o(5). Let a(f) = -f - 5 + 0 - w - u. Determine a(-5).
-6
Let j(c) = -c**3 - 10*c**2 + 8*c - 16. Suppose 0 = -17*i + i - 8352. Let k be i/45 - (-3)/5. Calculate j(k).
17
Suppose 9*h = 6*h - 150. Let l = -48 - h. Let p(b) = -3*b**l - b - 6*b + 4*b**2 + 0 + 9. Give p(7).
9
Let d be (7/(-42))/((-70)/1680). Let u(j) = -j**3 + 8*j**2 + 5*j. Let v(f) = 3*f**3 - 23*f**2 - 14*f - 1. Let h(n) = 11*u(n) + 4*v(n). Determine h(d).
-8
Let p(j) be the second derivative of -j**4/12 - 5*j**3/6 + 7*j**2/2 + j. Let